-4). Let s(x) = -1 + 4 - 5*x - p + x**2. What is s(a)?
-7
Let b(o) = -2*o**3 - 10*o**2 + 7*o - 15. Let g be b(-6). Let n(l) = l**3 - 14*l**2 - 15*l - 2. Determine n(g).
-2
Let s(a) = a**2 + 12*a - 3. Suppose t + 36 = -2*t. What is s(t)?
-3
Suppose -6*v + 8 = -2*v. Let z(w) = -18*w**2 - 5*w - 23. Let l(i) = 3*i**2 + i + 4. Let b(o) = 34*l(o) + 6*z(o). What is b(v)?
-18
Let d(h) = -h + 19. Let p be d(12). Let b(t) = -t**3 + 7*t**2 + 4*t + 3. What is b(p)?
31
Let n be (6/(-9))/((-12)/18). Let i = -2 + 4. Let x(h) = -h - 1. Let t(q) = -2. Let u(s) = i*x(s) + n*t(s). What is u(-5)?
6
Let x(y) be the third derivative of y**6/120 + y**5/60 + 2*y**3 - 56*y**2. Give x(0).
12
Let s(o) = -o**3 - 7*o**2 - 7*o + 7. Suppose 24 - 18 = -c. Calculate s(c).
13
Let k(v) = v - 10. Let n(h) = 2*h + 0*h + 1 - 3*h - 3. Let u be n(4). Let w be (6/u)/(3/(-21)). Give k(w).
-3
Let y(j) = j**2 + 13*j + 5. Let n be y(-13). Let r(s) be the third derivative of -5/24*s**4 + 0 + 1/60*s**5 - s**3 + 0*s + 3*s**2. What is r(n)?
-6
Suppose -12 = -3*k - 3*g, 3*k - 7*k = 2*g - 22. Let i(p) = -7*p**2 - 7*p + 2. Let a(r) = -8*r**2 - 9*r + 1. Let z(l) = 6*a(l) - 7*i(l). Calculate z(k).
6
Let x(v) = -v + 1. Let m = 391 - 385. Determine x(m).
-5
Let m = -77 + 81. Let t(o) = 4*o**3 + o**2 + 4*o - 7. Let i(u) = 5*u**3 + 5*u - 8. Let j(s) = m*t(s) - 3*i(s). Calculate j(-3).
2
Let t(u) = u - 5. Let n be t(9). Suppose -2*z = 3*v - 5, -n*z = -v + 1 - 18. Let p(q) = -3*q + 2*q - 9*q**2 - 4 + z*q**2 + 4*q**2. Give p(-4).
-16
Let o = -16 - -9. Let c = o + 4. Let r(t) = t**3 + 2*t**2 + t. What is r(c)?
-12
Suppose 0 = -3*i - 5*t + 8, -5*i - t = 3*t - 22. Let r be 3*-5 + (-6)/i. Let m = 17 + r. Let k(g) = -10*g + 1. Calculate k(m).
-9
Let b be 5 + (-252)/49 - 124/14. Let p be 7*((-3)/b*3 - 0). Let r(x) = -x**2 + 7*x + 7. Calculate r(p).
7
Let p = -184 - -310. Suppose -8*u + p = -29*u. Let y(r) = -2*r - 6. Calculate y(u).
6
Let v(w) = -9*w**3 + 17*w**2 - 7*w + 6. Let q(n) = 5*n**3 - 9*n**2 + 4*n - 3. Let h(s) = 7*q(s) + 4*v(s). Determine h(5).
3
Suppose -4*v + 5*d - 52 = 0, 0 = 5*v - 38*d + 40*d + 32. Let a(u) = u**2 + 9*u + 4. Calculate a(v).
-4
Let o(b) = -b + 9. Suppose -228*s + 227*s = -82. Let l = 91 - s. Calculate o(l).
0
Suppose -25 = -5*o, -5*o = 2*h + 3*h - 115. Let f(t) = t + 36 - 5*t**3 - h - t**2 - 17. Determine f(-1).
4
Let i be ((-145)/(-30) + -5)*-12. Let x(v) be the second derivative of 1/2*v**i - v + 0 - 1/10*v**5 - 5/12*v**4 - 1/3*v**3. Determine x(-3).
16
Let c(s) = 2*s**2 - s - 13 + 0*s**3 + s**3 - 3*s**2 + 2. Let d(k) = -k**3 + 2*k**2 + 2*k - 4. Let h be d(2). Determine c(h).
-11
Suppose 2*l + s + 3*s - 30 = 0, -5*l = s - 120. Suppose 0 = -8*x + l - 9. Let v(n) = -21*n + 17*n - 2*n**3 + x*n**2 + 3*n**3 - 1. Calculate v(-3).
2
Let v = 27 + 153. Let o be 2/9 - v/81. Let n(d) = -2*d**2 - 4*d - 2. Give n(o).
-2
Suppose -10 + 0 = -2*s. Let b(k) = -3*k + 7 - 1 - 3 - s. Let p(l) = -6*l - 3. Let u(j) = -10*b(j) + 6*p(j). What is u(2)?
-10
Let k(i) = i**2 + 25 + 5*i - 3*i + 5*i - 15 + 3*i. What is k(-10)?
10
Suppose -5*k + 5*t = -155, -2*t = 4*k - 59 - 77. Let q = 29 - k. Let v(f) be the third derivative of f**4/12 + f**3 + f**2. Determine v(q).
-2
Suppose -v - 5*j = -6 - 24, 3*v - 40 = -5*j. Suppose 15 = v*z + 2*s, 4*z - 19 = 5*z - 4*s. Let a(b) = -1 + 4 + 6*b + 1 - z + b**2. Calculate a(-5).
-2
Suppose -9 + 5 = -2*z. Let l(g) = -5 + 1 - 2*g**z - 9 + g**2. Calculate l(0).
-13
Let w(s) = 6*s - 7 - 6*s - 2*s + s. Suppose 9*d - 5*d - 12 = 0. Suppose -a = -l + 9, -2*l + 3 = -d. Give w(a).
-1
Let o(r) be the first derivative of -r**4/4 + r**2/2 + 2*r + 7. Let q be 12/9 - (-20)/(-6). Calculate o(q).
8
Suppose 4*l = 4*q + 32, -2*l + 5*q = 2*q - 19. Let v(w) = -5*w + 17085 - 17078 - 2*w + 2*w**2. Determine v(l).
22
Let t(p) be the third derivative of p**6/120 - p**5/15 - p**4/6 - 2*p**3/3 - 57*p**2. Let b(q) = -6*q - 1. Let l be b(-1). Determine t(l).
1
Let z(u) = u**2 - 9*u + 9. Let x(k) = 34*k - 232. Let m be x(7). What is z(m)?
-9
Let g(a) = 5 - a**3 - 9 - 3*a - 17*a**2 + 1 + 14*a**2. Let n = -1 + -1. Determine g(n).
-1
Let k(u) = -2*u + 2. Let z(c) = -20*c - 2. Let o(g) = -7*g - 1. Let b(r) = -17*o(r) + 6*z(r). Let a be b(4). Suppose a = -5*p - 14. Determine k(p).
8
Suppose 2 = -2*x - 5*o - 41, -6 = 2*o. Let u be (40/(-6))/((-2)/(-6)). Let w = u - x. Let c(j) = j + 8. Give c(w).
2
Let j(g) = 8*g**3 - g**2 + g + 1. Let a(q) be the first derivative of 11*q - 7 - 1/3*q**3 - 11/2*q**2. Let k be a(-12). Give j(k).
-9
Let d(i) be the second derivative of i**4/2 + 13*i**3/3 + 3*i**2 + 146*i - 1. Determine d(-4).
-2
Let a(b) = -3*b**3 - 3*b**2 - 3*b - 2. Let z be a(-1). Let l(p) = -8 - 3 + 12 - 19*p. Give l(z).
-18
Let j(y) = y**2 - 7*y + 15. Let k be j(5). Let q(u) = -u**2 + 11 - 4 - k. Give q(0).
2
Let u(q) = 2*q - 2. Let d(n) = 6*n + 0 - 3 - n**2 - n**3 - 4*n**2. Let w(x) = 4*x + 18. Let o be w(-6). Let j be d(o). Calculate u(j).
-8
Let c(s) = s**2 - 17*s + 27. Let n be (-4)/76*-2 + 566/38. Determine c(n).
-3
Let j(u) = 3*u**2 + 7*u + 3. Let b(g) = 11*g**2 + 22*g + 9. Let f(w) = -2*b(w) + 7*j(w). Determine f(6).
-3
Let k(r) be the first derivative of -r**2 - 3 - 4*r + 7 - 7. Calculate k(-4).
4
Let n(x) = -5 + x**2 + 2 + x**3 + 7 + 3*x - 1 - 2. Let d(o) = o + 3. Let g be d(-5). Give n(g).
-9
Let y = -8 - -13. Let w(r) = -1 + y*r - 2*r + 3. Suppose -3*s - 3*l = 3, -5*s + s - 5*l - 3 = 0. Calculate w(s).
-4
Let o(f) be the third derivative of f**6/60 + f**5/20 + f**4/24 - 38*f**2. Suppose 7*a - 2 = 8*a. Calculate o(a).
-6
Let n(s) = 11*s - 30. Let t be n(3). Suppose 0 = -3*r - 11*g + 16*g - 23, 0 = r + g - t. Let x(q) = -q**2 + 1 - 3 - 2*q**3 + 3 + q. What is x(r)?
1
Let s(y) be the third derivative of -y**4/24 + 5*y**3/6 - 6*y**2 - 1. Calculate s(5).
0
Suppose 2*a - 38 = -3*r, -5*a + 2*r + 69 = 3*r. Suppose 0 = -4*x + a + 7. Let c(y) = 6 - y**2 + 5*y - 5*y + 6*y. Determine c(x).
11
Suppose 5 + 5 = 2*z. Suppose z*n - 27 = -h, -5*n + 31 = -0*h + 3*h. Let t(w) = 4*w + n*w - 5*w. Calculate t(1).
4
Let j(o) = o**3 + 4*o**2 + 9*o. Let l = -4 + 7. Let q(g) = g**2 - g + 1. Let a(k) = l*q(k) + j(k). Let z = -3029 + 3023. Determine a(z).
3
Let p(r) = r - 17. Let t = 770 + -770. Determine p(t).
-17
Let k(o) = 5*o - 31. Let a(j) = 2*j - 11. Let t(i) = -11*a(i) + 4*k(i). Suppose -5*s = -5*w + 25, 4*s + 7 = 3*w - 12. Calculate t(s).
5
Let x(p) be the second derivative of p**5/20 - 3*p**4/4 + 4*p**3/3 - 3323*p. Suppose 10 = 5*i, -i = -4*u + 15 + 15. Calculate x(u).
0
Let g(k) be the second derivative of -k**5/20 - k**4/6 - 2*k**3/3 - k**2 + 72*k. What is g(-2)?
6
Let l(c) = c**2 - 5*c - 7. Let v(u) = u + 2. Let p = -9 + 13. Let x be (-10)/p*54/(-45). Let o be v(x). Calculate l(o).
-7
Suppose 137 - 125 = -2*v. Let p(g) = -g**3 - 6*g**2 + g + 4. Determine p(v).
-2
Let p(l) = 2*l + 1. Let t(i) = 8*i + 31. Let f(b) = -3*p(b) + t(b). Determine f(-12).
4
Suppose -3*q - 17 = 2*g + 10, 2*q - 4*g + 18 = 0. Let w = q + 3. Let r(o) = 2*o + 7 - 1 - o. What is r(w)?
0
Let v(r) = -30*r - 35. Let k(i) = 14*i + 15. Let u(a) = -13*k(a) - 6*v(a). Determine u(10).
-5
Let a(q) be the second derivative of q**4/12 + 7*q**3/6 + 3*q**2/2 + 230*q. What is a(-5)?
-7
Let z(o) = 2*o**3. Suppose 500 - 499 = -a. Determine z(a).
-2
Suppose 7 = 5*c + 2. Let z(y) = -3*y - 2. Let f be z(c). Let h(m) = -m**2 - 5*m + 2. Give h(f).
2
Let p(v) = -v - 1. Let y(l) = 11*l**2 - 3. Let m(g) = 2*p(g) - y(g). Determine m(1).
-12
Let z(g) be the third derivative of -g**4/24 - g**3/3 - 7*g**2. Give z(-7).
5
Let s(p) = p**2 - 4 + 5*p + p**3 - 2*p**3 + 2. Let b(k) = -9*k**2 + 10 - k**3 + 11*k + 2 - 28*k + 18*k. Let z be b(-9). What is s(z)?
-5
Let v(w) be the third derivative of w**6/120 + w**5/10 - 7*w**4/24 + w**3/2 - 12*w**2 + 5. What is v(-7)?
3
Let x(f) be the second derivative of -f**7/840 - f**6/60 + f**5/120 + f**4/4 + 5*f**3/3 + 9*f. Let l(y) be the second derivative of x(y). Calculate l(-6).
0
Let b(r) be the second derivative of 1/20*r**5 + 8*r + 0 - 1/6*r**3 + 1/12*r**4 - 1/2*r**2. What is b(-1)?
0
Let r(t) = -4*t**3 + 8*t**2 - 6*t + 3. Let p(s) = -s**3 + s**2 - s + 1. Let y(h) = -5*p(h) + r(h). Let i = -8 - -4. What is y(i)?
-14
Suppose 5*d + 46 = 4*u - 18, 0 = -2*u - 4*d + 58. Suppose -5*k = -4*k - 5*z + 9, 5*k - z + u = 0. Let y(h) = 6 - 6